mon divisor of 3984 and 2748.
12
What is the greatest common factor of 44298 and 2898?
414
What is the highest common factor of 59033 and 956?
239
Calculate the highest common factor of 114 and 270370.
38
What is the greatest common factor of 13804 and 1372?
28
Calculate the greatest common divisor of 3678 and 174092.
1226
What is the greatest common divisor of 235 and 17813?
47
Calculate the greatest common factor of 1072 and 280328.
536
Calculate the greatest common factor of 6 and 2991.
3
What is the greatest common divisor of 9072 and 124824?
168
Calculate the highest common divisor of 290588 and 12.
4
Calculate the highest common divisor of 132 and 10582.
22
What is the greatest common divisor of 4345 and 24095?
395
Calculate the highest common divisor of 1372 and 328251.
343
What is the greatest common divisor of 53 and 86231?
53
Calculate the greatest common factor of 211 and 635954.
211
What is the highest common divisor of 33208 and 112?
56
Calculate the greatest common factor of 28721 and 539.
77
What is the greatest common factor of 5225576 and 8?
8
Calculate the greatest common divisor of 6 and 43068.
6
What is the highest common divisor of 102 and 76976?
34
Calculate the greatest common factor of 183 and 7076.
61
Calculate the highest common divisor of 56662 and 82.
82
What is the greatest common factor of 1680 and 61950?
210
Calculate the highest common factor of 53190 and 4050.
270
Calculate the highest common divisor of 1358176 and 288.
32
Calculate the greatest common factor of 64 and 11558432.
32
Calculate the greatest common factor of 687060 and 18.
18
Calculate the highest common factor of 20 and 73930.
10
Calculate the greatest common factor of 405671 and 98.
49
Calculate the greatest common factor of 41552 and 18232.
424
Calculate the greatest common divisor of 212220 and 60.
60
What is the highest common factor of 28 and 3236667?
7
Calculate the greatest common divisor of 14064121 and 277.
277
What is the greatest common factor of 1309997 and 52?
13
What is the highest common divisor of 1464 and 17934?
366
What is the greatest common divisor of 246 and 144525?
123
What is the highest common divisor of 2997 and 8769?
111
What is the greatest common divisor of 225 and 631925?
25
Calculate the greatest common factor of 53 and 134461.
53
What is the greatest common factor of 2447541 and 153?
153
What is the greatest common factor of 36125 and 350?
25
What is the greatest common factor of 69 and 470051?
23
Calculate the highest common factor of 15 and 917970.
15
Calculate the highest common divisor of 635 and 40.
5
What is the highest common divisor of 14278 and 99?
11
Calculate the greatest common factor of 17 and 904774.
17
Calculate the highest common factor of 60490 and 230.
230
What is the greatest common factor of 1842 and 1488?
6
What is the highest common factor of 24 and 9050952?
24
What is the greatest common divisor of 51 and 40069?
17
Calculate the highest common factor of 60078 and 5022.
186
What is the highest common factor of 402 and 301902?
402
Calculate the greatest common divisor of 490433 and 238.
17
What is the greatest common factor of 105 and 334275?
15
What is the greatest common factor of 784 and 158564?
196
What is the greatest common divisor of 210 and 143940?
30
Calculate the highest common factor of 451 and 4716558.
451
Calculate the greatest common factor of 450 and 73998.
18
Calculate the highest common divisor of 1417759 and 674.
337
Calculate the highest common divisor of 10335 and 30615.
195
What is the greatest common factor of 42151 and 305?
61
Calculate the greatest common divisor of 488546 and 374.
34
What is the highest common divisor of 2610 and 801357?
87
Calculate the greatest common factor of 72 and 13373352.
72
Calculate the highest common divisor of 1251 and 122042.
139
What is the greatest common divisor of 59937 and 27?
3
Calculate the greatest common factor of 8 and 8810.
2
Calculate the greatest common factor of 2970 and 729.
27
Calculate the greatest common factor of 350 and 606375.
175
What is the greatest common divisor of 567 and 621621?
189
What is the greatest common factor of 45 and 7995?
15
What is the highest common factor of 480 and 200?
40
What is the greatest common divisor of 340 and 65?
5
Calculate the greatest common divisor of 1160 and 7880.
40
What is the highest common factor of 1344 and 199696?
112
What is the highest common factor of 1694046 and 18846?
2094
Calculate the highest common factor of 120 and 213512.
8
What is the greatest common divisor of 671166 and 9?
9
What is the highest common factor of 160002 and 24?
6
Calculate the highest common divisor of 111 and 59385.
111
What is the greatest common divisor of 1977734 and 66?
22
Calculate the greatest common factor of 4160 and 280.
40
What is the highest common divisor of 24 and 241896?
24
What is the highest common divisor of 128 and 147464?
8
What is the highest common factor of 14152 and 72500?
116
Calculate the greatest common divisor of 1023 and 5544.
33
Calculate the greatest common divisor of 250313 and 42.
7
Calculate the highest common factor of 8043 and 63.
21
What is the highest common factor of 94822 and 70?
14
What is the highest common factor of 268896 and 96?
96
Calculate the highest common factor of 10746932 and 1064.
532
What is the greatest common factor of 9531 and 3888?
27
Calculate the highest common divisor of 1182 and 1380.
6
Calculate the highest common divisor of 867 and 81447.
51
Calculate the highest common factor of 28 and 763.
7
What is the greatest common divisor of 8454 and 498?
6
Calculate the highest common factor of 143 and 22077.
11
What is the highest common factor of 219066 and 232?
58
What is the highest common factor of 21027 and 516?
129
Calculate the highest common factor of 70 and 1413260.
10
Calculate the highest common divisor of 5014 and 11772.
218
What is the greatest common factor of 15 and 10715?
5
Calculate the highest common factor of 135534 and 61774.
922
Calculate the highest common divisor of 418 and 339834.
418
Calculate the greatest common factor of 1140 and 3140.
20
What is the highest common divisor of 37884 and 26076?
492
What is the highest common divisor of 390 and 83190?
30
Calculate the highest common factor of 30 and 149535.
15
What is the greatest common factor of 400 and 1176848?
16
Calculate the highest common divisor of 232 and 14935.
29
Calculate the highest common divisor of 517440 and 440.
440
What is the greatest common factor of 8683 and 551?
19
Calculate the highest common factor of 19345 and 7155.
265
What is the highest common divisor of 105 and 469735?
35
Calculate the greatest common factor of 28592 and 12.
4
Calculate the greatest common divisor of 657 and 44658.
9
What is the greatest common factor of 1224334 and 97?
97
What is the greatest common divisor of 7921 and 1157?
89
What is the greatest common factor of 2961 and 19467?
63
Calculate the greatest common divisor of 342769 and 161.
161
Calculate the highest common factor of 55 and 3078570.
55
What is the greatest common factor of 756 and 564?
12
What is the greatest common divisor of 984 and 258136?
328
What is the highest common divisor of 12311 and 143?
13
Calculate the highest common factor of 4710 and 2010.
30
What is the greatest common divisor of 1053 and 58734?
117
Calculate the highest common factor of 558 and 126976.
62
Calculate the highest common divisor of 74 and 74.
74
What is the greatest common divisor of 3290 and 3430?
70
What is the greatest common factor of 40738 and 2?
2
What is the highest common factor of 28026 and 102?
6
Calculate the highest common divisor of 21921 and 51.
3
What is the highest common divisor of 2008 and 224?
8
What is the highest common divisor of 562 and 402954?
562
Calculate the highest common divisor of 1113600 and 7800.
600
What is the greatest common divisor of 117861 and 34?
17
What is the greatest common divisor of 320 and 2585920?
320
Calculate the greatest common factor of 14 and 1246651.
7
Calculate the highest common divisor of 405705 and 405.
15
What is the greatest common factor of 6 and 25464?
6
What is the greatest common divisor of 1507304 and 464?
232
Calculate the greatest common factor of 724 and 165796.
7